. What are the prime factors of -3 + (0 + -5 - -8) + s?
19, 23
Let g(s) = -22*s**3 + 8*s**2 + 19*s + 201. List the prime factors of g(-7).
2, 4003
Let s = -7534 + 32228. What are the prime factors of s?
2, 12347
Suppose 0 = -n - 3*p + 10189, 2*n - 5103 - 15209 = 5*p. What are the prime factors of n?
7, 1453
Suppose 16*c + 451503 = 18*c + 15*c. What are the prime factors of c?
3, 13, 227
Let o(a) = -4 + 0*a - 2*a**2 - 2*a**2 + 6*a**3 + 3*a - 8*a**3. Let b be o(-3). Suppose b*y - s = -3*s + 747, -3*y + 451 = 4*s. What are the prime factors of y?
149
What are the prime factors of 192/(-432) + (-195126)/(-9) + 2/(-9)?
2, 5, 271
Let r(a) = a**2 - 7*a - 4. Let m(o) = o**3 - 11*o**2 + 13*o - 22. Let t be m(10). Let n be r(t). List the prime factors of (-1)/(0 - n/188).
47
Let y = 54025 + -23428. List the prime factors of y.
3, 7, 31, 47
Let t(w) = -41 + 3*w**2 + 19 - 2*w + 15 - 3*w. Suppose 4*p + 4*y = -16, 0*p = 2*p + 5*y - 1. List the prime factors of t(p).
5, 7
Suppose 40*v - 242348 - 151707 = -13*v. List the prime factors of v.
5, 1487
Let a(b) = 5*b**2 - 59*b + 23. Let r be (39/(-15))/(4/(-20) + 0). What are the prime factors of a(r)?
101
Suppose c = 3*a - 1887, -3*a - 3*c + 1908 = 33. Suppose 138 - a = -2*g. List the prime factors of g.
5, 7
Let a(s) = 834*s**3 + s**2 + 167*s - 602. List the prime factors of a(4).
2, 26729
Let v be 5 + 45/(-10 - -1). Suppose v = -5*i + 15, 3*i = -2*t + 4*i + 1961. What are the prime factors of t?
2, 491
Let u(w) = -4*w. Let j(l) = -1. Let t(q) = q - 6. Let o(h) = -11*j(h) + 2*t(h). Let s(y) = 4*o(y) + 3*u(y). List the prime factors of s(-2).
2
Suppose 2*c = -3*v + 26014, -271*c + 276*c + 43340 = 5*v. List the prime factors of v.
2, 3, 5, 17
Let x(z) = -34*z + 109. Let q be x(3). Let b(g) = g**3 + 14*g**2 + 11*g - 15. What are the prime factors of b(q)?
1091
Let q = 43299 - 30770. What are the prime factors of q?
11, 17, 67
Let j = 44 - -21. Suppose j = -6*l - 169. What are the prime factors of l/(-27)*3 + 2/3?
5
Let r = 324 + -316. Suppose r*y + 139 = 731. List the prime factors of y.
2, 37
Suppose 3*r - 2*t - 230 - 417 = 0, 3*t - 223 = -r. Let c(g) = g**3 + 2*g**2 - 2*g - 1. Let l be c(-6). Let y = l + r. List the prime factors of y.
2, 3, 7
List the prime factors of (-43358)/(-10) - (20/50)/((-15)/(-30)).
3, 5, 17
Let y(p) = 63*p - 1700. What are the prime factors of y(34)?
2, 13, 17
Let n(w) be the third derivative of 13*w**5/60 - 11*w**3/3 + 4*w**2 + 2*w. What are the prime factors of n(6)?
2, 223
Suppose 1793 = 2*v - k, -3*v + k + 2692 = -3*k. Suppose -5*i + v = -1079. What are the prime factors of i?
5, 79
List the prime factors of ((-8)/(-5))/((-93)/(-438960)).
2, 59
Let l(v) = -18*v**3 + v**2 - 2*v - 2. Suppose 8 = 4*r + 12. Let h be l(r). List the prime factors of -4 + h + 4 - -4.
23
List the prime factors of 4*-1 + -5 + (-33172)/(-4).
2, 19, 109
Let k(p) = 2*p - 14. Let a be k(9). Suppose -1 = 3*y - a. List the prime factors of 106 + -10 - (y - 5).
2, 5
Let o(l) be the first derivative of 3*l**2/2 - 34*l + 12. Let y be o(12). Let w(k) = 11*k**3 - k**2 + 5*k - 2. List the prime factors of w(y).
2, 23
Let o(r) be the second derivative of 185*r**3 + 7*r**2 + 30*r. Let v be o(-13). What are the prime factors of 4/22 + v/(-88)?
2, 41
Let b(o) = 2*o + 26. Suppose -4*n = -0*n + 44. Let u be b(n). Suppose 2*q - 1026 = -u*q. What are the prime factors of q?
3, 19
Let w(f) = -17*f + 61. Let x = -107 + 88. What are the prime factors of w(x)?
2, 3
Suppose 7*o = -767 + 1789. Suppose 0*w - 5*w - h + 1816 = 0, 0 = -3*w + 4*h + 1108. Let z = w - o. List the prime factors of z.
2, 109
Let f(b) = -48*b**2 - 47*b - 51. Let r(w) = -32*w**2 - 31*w - 34. Let u(v) = 5*f(v) - 8*r(v). Let l be u(-11). What are the prime factors of -2*(l/4)/(-5)?
181
Let p(q) = -2*q**3 + 2*q**2 + 9*q + 5. Let t be p(-2). List the prime factors of (288 + t + -6)/1.
293
Suppose -2*p + 4*l = -12350, 951*p + 2*l = 950*p + 6191. List the prime factors of p.
3, 229
Let f(s) = -16*s - 276. Let j(y) = -3*y - 55. Let h(o) = -3*f(o) + 14*j(o). List the prime factors of h(29).
2, 29
Let v(f) be the third derivative of -f**4/12 + 35*f**3/6 - 105*f**2. Let w = 17 + -6. What are the prime factors of v(w)?
13
Let x = -2345 + 3318. Suppose 2*u = 2*s + 646, 4*s + x = 3*u - 0*u. List the prime factors of u.
11, 29
Let f = 11 + -69. Let w be (f/(-8))/((-3)/(-12)). Suppose -6*s + 803 - w = 0. What are the prime factors of s?
3, 43
Let t(d) = 5*d**2 - 2*d - 2. Let u be t(2). Suppose 0 = 5*q - 5*z - 1400, -3*z + 1 = -u. Let x = q - 107. What are the prime factors of x?
2, 89
Suppose 0 = -3*o - 2*i + 8113, -2*i + 5285 = -3*o + 13402. What are the prime factors of o?
5, 541
Let n be (-5)/((-105)/804) + (-4)/14. Suppose 3547 = 5*j + 2*u, 43*j - 5*u - 3575 = n*j. What are the prime factors of j?
3, 79
What are the prime factors of (174/8)/((-101)/(-404))*309?
3, 29, 103
Suppose -2*y - 3*y + 289 = k, 4*y = 5*k + 237. List the prime factors of (50 - -7)*y/6.
19, 29
Let c(z) = 2*z**2 + 23*z - 36. Let b be c(-13). List the prime factors of ((-41)/(-2))/((-4)/(-224)) - b.
5, 229
Let i(r) = r**3 + r + 6. Let s be i(0). Suppose -24 = -3*j + 4*t + s, 4*t = -j - 6. Let o(d) = 4*d - 15. List the prime factors of o(j).
3
Let s be 90*(0 - 2/(-5)). Suppose o = -2*o + s. Suppose -o = 5*w - 47. What are the prime factors of w?
7
Let n be -42*((-5)/2 + 2). Suppose 3 = 8*z - n. Suppose -2*c + 165 = -z*b, 5*c + 2*b = 345 + 115. List the prime factors of c.
2, 3, 5
What are the prime factors of 3 + (-15370)/318*2292/(-5)?
22159
Let k be ((-1695)/(-6))/5*-2. Let g = k - -682. List the prime factors of g.
569
Let n be (-4 - -6)/(4/(-846)). Let o = n + 302. Let l = o - -226. What are the prime factors of l?
3, 5, 7
Let w(k) = 4*k - 53. Let u be w(12). What are the prime factors of (2/u)/((-4)/1090)?
109
Let d = -1048 + 664. Let y = 597 + d. Suppose -4*h = 5*o - 253, -62 = 3*h - 4*o - y. List the prime factors of h.
3, 19
Suppose -4*w - 41387 = -3*q, -4*w = -6*q + 11*q - 69021. List the prime factors of q.
37, 373
Let d(j) = -j**3 - 3*j**2 - 6*j - 3. Let w(s) = -4*s**2 + 2*s - 1. Let g be w(1). Let x be d(g). Suppose -x*h - 200 = -19*h. List the prime factors of h.
2, 5
Let t = 160 + -51. Suppose -2*r - s - 109 = 0, -r - 3*s - 47 = -4*s. Let h = r + t. What are the prime factors of h?
3, 19
Let r = 10533 + 872. List the prime factors of r.
5, 2281
Let a be (-4)/14 + 2464/392. Let s(b) be the first derivative of b**3 - 3*b**2/2 + 19*b - 1. What are the prime factors of s(a)?
109
Let k(x) = 6*x - 21. Let p be k(6). Suppose 0 = p*l - 1257 - 2718. List the prime factors of l.
5, 53
Let v(l) be the second derivative of l**4/2 - 5*l**3/3 + 5*l**2/2 - 76*l + 2. Let r(k) = -k + 3. Let a be r(-3). List the prime factors of v(a).
7, 23
Let f(g) = -473*g + 354. List the prime factors of f(-4).
2, 1123
Suppose 432*j - 19500585 = 9244695. List the prime factors of j.
2, 3, 5, 1109
Suppose 22*d + 37 = 103. Suppose 17*y - 12*y = -d*t + 2909, 3*t - 2326 = -4*y. List the prime factors of y.
11, 53
Let c(r) = -149*r**2 + 15*r + 31. Let i be c(-8). List the prime factors of (-2)/(-12) - i/30.
3, 107
Let d(g) = 2*g**2 - 20*g - 3. Let w be (3/(-2))/((-13)/26). Suppose -w*r - 5*k = -43, -k - 10 = -6*k. What are the prime factors of d(r)?
19
Suppose 4*z + 76629 = o, 0*o - 2*z = -2*o + 153210. What are the prime factors of o?
76597
Let r(l) = -l - 6. Let f be r(-10). Suppose 0 = f*p - 12, 39 = -3*z - 3*p + 7*p. Let d(y) = -6*y + 8. What are the prime factors of d(z)?
2, 31
List the prime factors of (-31)/(465/(-765))*(-1280)/(-3).
2, 5, 17
Suppose -17668 = 5*p - 118588. What are the prime factors of p?
2, 3, 29
Suppose -3*b - 283 = -1924. Suppose 4*j - 593 = 5*m, 0 = 5*j + 5*m - b - 138. What are the prime factors of 4/8 + j/4?
2, 3
Let v = -61860 - -105532. What are the prime factors of v?
2, 53, 103
Let p(r) = 17*r**2 - 7*r + 17. List the prime factors of p(-4).
317
Let z(j) = 839*j + 1777. List the prime factors of z(4).
3, 29, 59
Let u = 128 - 69. Let f = 68 - u. List the prime factors of (-374)/(-3) + f/27.
5
Let h = 211 + 372. Suppose 14*j - 2207 = -h. List the prime factors of j.
2, 29
Suppose -3*o = -5*k - 0*k + 46147, -5*o = -2*k + 18455. What are the prime factors of k?
2, 5, 13, 71
Suppose -m = -0*m